{"id":36,"date":"2020-12-16T11:59:54","date_gmt":"2020-12-16T11:59:54","guid":{"rendered":"https:\/\/institutum.org\/?page_id=36"},"modified":"2025-05-29T15:01:27","modified_gmt":"2025-05-29T15:01:27","slug":"consultazioni","status":"publish","type":"page","link":"https:\/\/omeo.institutum.org\/index.php\/consultazioni\/","title":{"rendered":"Consultazioni"},"content":{"rendered":"<h1>Consultazioni<\/h1>\n<h2>La chiave per diventare chi vuoi \u00e8 capire chi sei gi\u00e0.<\/h2>\n<p>Ci sono due modi per ricevere una sessione:<br \/>1) A distanza, tramite Skype o telefono.<br \/>2) Di persona.<\/p>\n<p>Per informazioni o per prenotare una sessione vai al modulo contatti o rivolgiti a <a href=\"mailto:info@astroshamanism.org\"><strong>info@institutum.org<\/strong><\/a><\/p>\n<p>Una consultazione astrosciamanica \u00e8 una sessione di guarigione spirituale intesa a creare una connessione diretta con lo spirito guida, o identit\u00e0 multidimensionale.<br \/>La sessione \u00e8 centrata sulle intenzioni e circostanze di vita del cliente,\u00a0che durante l\u2019incontro sono definite, esplorate e chiarite secondo una prospettiva sciamanica. Franco e i suoi associati usano la loro esperienza e conoscenza per identificare e favorire risorse energetiche e spirituali, potenziali luminosi e creativi, permettendo al cliente di svilupparli autonomamente.<\/p>\n<p>\t\t\t\t\t\t\t\t\t\t\t\t<a href=\"\">Tipologie di sessione<\/a><\/p>\n<p>Ogni consultazione si sviluppa al momento dell\u2019incontro in base alle motivazioni ed esigenze del cliente. Il tipo di sessione e intervento \u00e8 deciso durante la sessione stessa, a seguito di una mutua valutazione da parte nostra e il cliente. Non \u00e8 necessario definire la tipologia di sessione anticipatamente, a meno che il cliente non abbia uno specifico interesse. A seguire elenchiamo una lista parziale di possibilit\u00e0. Siamo a disposizione per rispondere a domande e fornire maggiori informazioni sulle consultazioni per chi ne avesse bisogno.<\/p>\n<p><em><strong><a href=\"https:\/\/astrosciamanesimo.org\/connessione-con-spirito-guida\/\">Connessione con lo Spirito Guida<\/a><br \/><\/strong><\/em><em><strong><a href=\"https:\/\/astrosciamanesimo.org\/recupero-dellanima\/\">Recupero dell\u2019anima<\/a><br \/><\/strong><\/em><em><strong><a href=\"https:\/\/astrosciamanesimo.org\/consultazione-astrologica\/\">Consultazione Astrologica<\/a><br \/><\/strong><\/em><a href=\"https:\/\/astrosciamanesimo.org\/astrologia-multidimensionale-2\/\"><strong><em>Astrologia multidimensionale<\/em><\/strong><\/a><br \/><em><strong><a href=\"https:\/\/astrosciamanesimo.org\/intento-e-manifestazione\/\">Intento e Manifestazione<\/a><br \/><\/strong><\/em><em><strong><a href=\"https:\/\/astrosciamanesimo.org\/astroshamanic-touch\/\">Astroshamanic Touch<\/a><br \/><\/strong><\/em><em><strong><a href=\"https:\/\/astrosciamanesimo.org\/chi-siamo\/pahai-interdimensional\/\">PAHAI Interdimensional<\/a><br \/><\/strong><\/em><em><strong><a href=\"https:\/\/astrosciamanesimo.org\/rilascio-sciamanico-di-intrusioni\/\">Rilascio sciamanico di intrusioni<\/a><br \/><\/strong><\/em><em><strong><a href=\"https:\/\/astrosciamanesimo.org\/geomanzia-astrosciamanica\/\">Geomanzia astrosciamanica<\/a><br \/><\/strong><\/em><a href=\"https:\/\/astrosciamanesimo.org\/onomastica-astrosciamanica\/\"><strong><em>Onomastica astrosciamanica<\/em><\/strong><\/a><\/p>\n<p>\t\t\t\t\t\t\t\t\t\t\t\t<a href=\"\">Avvertenze<\/a><\/p>\n<p>Sebbene l\u2019astrologia sia talvolta impiegata, siamo contrari a qualunque forma di divinazione o predizione futura. L\u2019astrologia \u00e8 usata esclusivamente come mappa strategica della psiche e per determinare le divisioni del tempo. Per maggiori informazioni clicca\u00a0<a href=\"https:\/\/astrosciamanesimo.org\/non-sei-il-tuo-oroscopo\/\">qui<\/a>.<strong><br \/><\/strong><\/p>\n<p>Tutte le nostre consultazioni sono offerte per scopi spirituali e\u00a0non\u00a0per\u00a0fornire guarigione o trattamento di qualsiasi condizione fisica o psicologica del cliente. Le nostre consulenze\u00a0<strong>non<\/strong>\u00a0sostituiscono in alcun modo i suggerimenti, le diagnosi e i trattamenti della medicina ufficiale o della psicoterapia. Invitiamo fortemente tutti coloro che ricercano assistenza medica o psicologica a consultare i professionisti del settore.<\/p>\n<p>\t\t\t\t\t\t\t\t\t\t\t\t<a href=\"\">Costo<\/a><\/p>\n<p>Al fine di rendere le sessioni accessibili a ogni persona, indipendentemente dalla sua situazione economica, offriamo tariffe flessibili. Il costo ordinario indicativo oscilla tra Euro 70 e 110, in base al tipo di sessione.<\/p>\n<p>Il pagamento pu\u00f2 avvenire tramite bonifico, previa iscrizione\u00a0 all\u2019associazione culturale.<\/p>\n<p>\u00c8 possibile ricevere diverse tipologie di sessione (vedi elenco precedente) e intraprendere cicli di sessione avanzati e programmi di formazione personalizzati e in gruppo. In genere il tipo di sessione o lavoro necessario \u00e8 valutato nel corso della sessione stessa.<\/p>\n<h2>Come funziona una sessione:<\/h2>\n<p>Lo scopo di una sessione individuale \u00e8 risvegliare, identificare, supportare e fornire strumenti per manifestare i potenziali e obiettivi pi\u00f9 autentici, comprendere e liberare situazioni che causano impedimenti e dolore, aprirsi a un rapporto intimo con la propria natura pi\u00f9 profonda e multidimensionale.<\/p>\n<p>La sessione effettiva dura circa 60 minuti, e consiste in un colloquio, seguito da una pratica sciamanica adatta alla specifica situazione del cliente, e un successivo colloquio inteso a esaminare i risultati dell\u2019esperienza. Alla fine quanto emerge \u00e8 impiegato per apportare chiarezza e individuare rimedi da usare per raggiungere lo scopo prefissato. La sessione include talvolta l\u2019uso della carta astrologica, impiegata come mappa esperienziale dell\u2019anima e\u00a0<strong>non<\/strong>\u00a0con scopi di predizione o divinazione.<\/p>\n<p>La sessione \u00e8 intesa a identificare qualit\u00e0, metodi e rimedi che il cliente pu\u00f2 impiegare subito nella sua vita. In genere, suggeriamo di adottare per un ciclo lunare alcune semplici pratiche, le cui caratteristiche emergono nel corso della sessione, per sostenere e sviluppare i potenziali della persona. Durante questo periodo rimaniamo a disposizione per eventuale assistenza. Altre sessioni possono seguire se il cliente lo ritiene utile. Ogni sessione \u00e8 autonoma e non esige ulteriori incontri, sebbene per un esame completo consigliamo un ciclo di tre sessioni nel corso di tre mesi.<\/p>\n<p>Nel caso Franco Santoro non sia disponibile per sessioni individuali, altri operatori competenti e autorizzati possono sostituirlo.<\/p>\n<p><strong>Per informazioni o per prenotare una sessione vai al modulo contatti o rivolgiti a <em>info@institutum.org<\/em><\/strong><\/p>\n","protected":false},"excerpt":{"rendered":"<p>Consultazioni La chiave per diventare chi vuoi \u00e8 capire chi sei gi\u00e0. Ci sono due modi per ricevere una sessione:1) A distanza, tramite Skype o telefono.2) Di persona. Per informazioni o per prenotare una sessione vai al modulo contatti o rivolgiti a info@institutum.org Una consultazione astrosciamanica \u00e8 una sessione di guarigione spirituale intesa a creare [&hellip;]<\/p>\n","protected":false},"author":1,"featured_media":0,"parent":0,"menu_order":0,"comment_status":"closed","ping_status":"closed","template":"","meta":{"_genesis_hide_title":false,"_genesis_hide_breadcrumbs":false,"_genesis_hide_singular_image":false,"_genesis_hide_footer_widgets":false,"_genesis_custom_body_class":"","_genesis_custom_post_class":"","_genesis_layout":"","footnotes":""},"class_list":{"0":"post-36","1":"page","2":"type-page","3":"status-publish","5":"entry"},"featured_image_src":null,"featured_image_src_square":null,"_links":{"self":[{"href":"https:\/\/omeo.institutum.org\/index.php\/wp-json\/wp\/v2\/pages\/36","targetHints":{"allow":["GET"]}}],"collection":[{"href":"https:\/\/omeo.institutum.org\/index.php\/wp-json\/wp\/v2\/pages"}],"about":[{"href":"https:\/\/omeo.institutum.org\/index.php\/wp-json\/wp\/v2\/types\/page"}],"author":[{"embeddable":true,"href":"https:\/\/omeo.institutum.org\/index.php\/wp-json\/wp\/v2\/users\/1"}],"replies":[{"embeddable":true,"href":"https:\/\/omeo.institutum.org\/index.php\/wp-json\/wp\/v2\/comments?post=36"}],"version-history":[{"count":1,"href":"https:\/\/omeo.institutum.org\/index.php\/wp-json\/wp\/v2\/pages\/36\/revisions"}],"predecessor-version":[{"id":33300,"href":"https:\/\/omeo.institutum.org\/index.php\/wp-json\/wp\/v2\/pages\/36\/revisions\/33300"}],"wp:attachment":[{"href":"https:\/\/omeo.institutum.org\/index.php\/wp-json\/wp\/v2\/media?parent=36"}],"curies":[{"name":"wp","href":"https:\/\/api.w.org\/{rel}","templated":true}]}}