{"id":28085,"date":"2020-12-21T08:32:00","date_gmt":"2020-12-21T08:32:00","guid":{"rendered":"https:\/\/institutum.org\/?page_id=28085"},"modified":"2020-12-21T08:32:00","modified_gmt":"2020-12-21T08:32:00","slug":"cd-e-mp3","status":"publish","type":"page","link":"https:\/\/omeo.institutum.org\/index.php\/cd-e-mp3\/","title":{"rendered":"CD e MP3"},"content":{"rendered":"<h1>CD &#038; MP3<\/h1>\n<p>Tutti i nostri CD e MP3 sono prodotti in modo specifico per la guarigione astrosciamanica e il lavoro energetico, come descritto nella letteratura astrosciamanica. I suoni favoriscono un profondo rilassamento e l\u2019accesso a stati espansi di coscienza, incoraggiando la rivitalizzazione e l\u2019armonizzazione dei sottili centri energetici del corpo e dell\u2019ambiente. Questo processo tende a stimolare il rilascio di rancori, tossine e modelli bloccati, spianando la via a profondi processi trasformazionali.<\/p>\n<p>Queste opere possono essere usate anche per supportare una vasta gamma di pratiche di guarigione, secondo la propria guida o sentiero e tradizione spirituale, e includono viaggi sciamanici e trance dance, lavoro sul corpo e massaggi, tocco astrosciamanico, meditazione attiva e passiva, rituali di guarigione e preghiere.<\/p>\n<p>\t\t\t\t\t\t\t\t\t\t\t\t<img decoding=\"async\" width=\"310\" height=\"320\" src=\"https:\/\/omeo.institutum.org\/wp-content\/uploads\/2020\/12\/CD-cover-voyage.jpg\" alt=\"\" loading=\"lazy\" \/>\t\t\t\t\t\t\t\t\t\t\t\t\t\t<\/p>\n<h2>Drumming for the Astroshamanic Voyage<\/h2>\n<h2>(Tambureggiamento per il Viaggio Astrosciamanico)<br \/>\ndi Franco Santoro<\/h2>\n<p>\u00c8 una registrazione specificatamente intesa per il lavoro astrosciamanico e per le tecniche descritte nei libri di Franco Santoro. Contiene due viaggi di tambureggiamento di 15 minuti ciascuno e un ulteriore brano di 30 minuti che pu\u00f2 essere impiegato come pratica di guarigione o come accompagnamento al\u00a0<a href=\"https:\/\/astrosciamanesimo.org\/rituale-di-base-del-sacro-cono\/\">Rituale di Base del Sacro Cono<\/a>. L\u2019ultimo brano \u00e8 diviso in tre stadi (Intento, Rilascio, Integrazione). Registrato il 17 gennaio 2002 presso l\u2019Universal Hall, Findhorn.<\/p>\n<p>Prezzo: Euro 15, pagamento tramite Paypal.<\/p>\n<p>Per ordinare contattare: <a href=\"mailto:info@astrosciamanism.org\">info@institutum.org<\/a>\u00a0<\/p>\n<p>\t\t\t\t\t\t\t\t\t\t\t\t<img decoding=\"async\" width=\"802\" height=\"768\" src=\"https:\/\/omeo.institutum.org\/wp-content\/uploads\/2020\/12\/CD-cover3.jpg\" alt=\"\" loading=\"lazy\" srcset=\"https:\/\/omeo.institutum.org\/wp-content\/uploads\/2020\/12\/CD-cover3.jpg 802w, https:\/\/omeo.institutum.org\/wp-content\/uploads\/2020\/12\/CD-cover3-768x735.jpg 768w\" sizes=\"auto, (max-width: 802px) 100vw, 802px\" \/>\t\t\t\t\t\t\t\t\t\t\t\t\t\t<\/p>\n<h2>Astroshamanic Basic Ritual<\/h2>\n<h2>Franco Santoro &#038; Max Mattoni<\/h2>\n<p>Astroshamanic Basic Ritual include tre tracce, una per ogni stadio del\u00a0<a href=\"https:\/\/astrosciamanesimo.org\/rituale-di-base-del-sacro-cono\/\">Rituale Base del Sacro Cono<\/a>\u00a0corrispondenti ai tre regni sciamanici tradizionali (Mondo dell\u2019Alto, del Basso e di Mezzo) e riferimenti astrologici (Sole, Luna e Ascendente), cos\u00ec come si riflettono in ogni aspetto della vita, incluso il corpo fisico ed energetico, nel quale corrispondono a testa, addome e cuore. La pratica del rituale implica anche la connessione, fisicamente o attraverso la meditazione, con tre dei 12 settori, o segni zodiacali, del cerchio astrosciamanico.<br \/>Il primo stadio corrisponde all\u2019Intento e ha lo scopo di riconoscere i nostri attuali obiettivi nella vita, mentre ci apriamo anche al vero proposito della nostra anima e all\u2019intento multidimensionale, che \u00e8 il proposito pi\u00f9 elevato che dimora oltre la nostra consapevolezza ordinaria di chi siamo. Questo stadio implica anche chiamare il proprio spirito guida o alleato, e gettare le basi attraverso le quali si pu\u00f2 sperimentare la loro presenza, amore e potere incondizionati. Il suono \u00e8 estremamente energizzante e potente, finalizzato ad intensificare la concentrazione, la chiarezza e un intento deciso.<br \/>Il secondo stadio \u00e8 la fase del Rilascio, in cui le energie dentro e attorno a noi, che a volte sperimentiamo come rancori o blocchi, sono attratte e riciclate in concime allo scopo di rafforzare il nostro Intento, e la connessione con il nostro spirito guida o divinit\u00e0. Luminosamente mixato e articolato, il suono arriva in profondit\u00e0 nel corpo, incoraggiando profondi processi trasformazionali.<br \/>Il terzo stadio implica la Guarigione e ha lo scopo di integrare gli stadi precedenti in un armonioso tutto, stabilendo un rapporto molto pi\u00f9 profondo con il proprio spirito guida o alleato. Questo \u00e8 lo stadio di ingresso nel mistero e nella resa totale alla propria guida e profonda conoscenza interiore. Il suono \u00e8 in questo caso concepito per vibrare in allineamento con il cuore umano, ristabilendo l\u2019armonia e favorendo uno spontaneo silenzio interiore.<br \/>Astroshamanic Basic Ritual \u00e8 la prima produzione di Franco Santoro &amp; Max Mattoni.<\/p>\n<p>Prezzo: Euro 15, pagamento tramite Paypal.<\/p>\n<p>Per ordinare contattare: <strong><a href=\"mailto:info@institutum.org\">info@institutum.org<\/a><\/strong> o <strong><a href=\"mailto:maxmattoni@gmail.com\">maxmattoni@gmail.com<\/a><\/strong><\/p>\n<p>\t\t\t\t\t\t\t\t\t\t\t\t<img decoding=\"async\" width=\"585\" height=\"585\" src=\"https:\/\/omeo.institutum.org\/wp-content\/uploads\/2021\/01\/Project1.jpg\" alt=\"\" loading=\"lazy\" \/>\t\t\t\t\t\t\t\t\t\t\t\t\t\t<\/p>\n<h2>Zodiac Navigator: An Astroshamanic Healing Journey<\/h2>\n<h2>Franco Santoro &#038; Max Mattoni<\/h2>\n<p>Questo CD fornisce una breve iniziazione sonora base ai dodici settori astrosciamanici finalizzata a stimolare ed espandere i centri sottili di energia del nostro corpo e l\u2019identificazione con la nostra natura multidimensionale. Ci\u00f2 favorisce il rilascio di rancori e blocchi nella percezione, stimolando stati espansi di coscienza e processi di trasformazione profondi.<\/p>\n<p>Il CD pu\u00f2 essere impiegato in modi diversi: per la danza di trance astrosciamanica, pratiche di tocco astrosciamanico, lavoro sul corpo, meditazioni e rituali. Il riferimento usato per la realizzazione di questo CD \u00e8 dato dall\u2019opera di Franco Santoro, Astroshamanism: The Voyage Through the Zodiac, Findhorn Press.<\/p>\n<p>La data di uscita pilota del CD ha avuto luogo con la Luna Nuova in Toro del 21 aprile 2012, momento di copiosa fertilit\u00e0 taurina, che ha paradossalmente coinciso pure con la nascita della figlia di Max, Sophia venuta al mondo alle 22:12!<\/p>\n<p>L\u2019uscita ufficiale di Zodiac Navigator, pubblicato da Kyosaku Records ha avuto luogo il 29 ottobre 2012, giorno di Luna Piena in Toro.<\/p>\n<p>Il CD \u00e8 frutto di tre anni di studio e sperimentazione, e costituisce una pietra miliare nella produzione musicale astrosciamanica.<\/p>\n<p>Zodiac Navigator \u00e8 disponibile online a Amazon.it (clicca\u00a0<a href=\"https:\/\/www.amazon.it\/gp\/aws\/cart\/add.html?AssociateTag=wwwastroshama-21&amp;ASIN.1=B009VHEYZK&amp;Quantity.1=1&amp;adid=08J55XCP3DQR072WD5M8&amp;linkCode=as1&amp;submit.add.x=52&amp;submit.add.y=17\" target=\"_blank\" rel=\"noopener\">qui<\/a>) e i-Tunes.<\/p>\n<p>Prezzo: Euro 15, pagamento tramite Paypal. Per ordinare il CD contattare: <strong><a href=\"mailto:maxmattoni@gmail.com\">maxmattoni@gmail.com<\/a><\/strong> o <strong><a href=\"mailto:info@institutum.org\">info@institutum.org<\/a><\/strong><\/p>\n<p>\t\t\t\t\t\t\t\t\t\t\t\t<img decoding=\"async\" width=\"242\" height=\"241\" src=\"https:\/\/omeo.institutum.org\/wp-content\/uploads\/2021\/01\/cd-emuria2-copy.jpg\" alt=\"\" loading=\"lazy\" \/>\t\t\t\t\t\t\t\t\t\t\t\t\t\t<\/p>\n<h2>The Breath of Emuria: Astroshamanic Healing Trance Dance<\/h2>\n<h2>Franco Santoro &#038; Shaun Foyle<\/h2>\n<p>Registrazione dal vivo di una trance dance astrosciamanica tenuta a Cluny Hill College, il campus della Findhorn Foundation nel nord della Scozia il 9 dicembre 2004 durante un rituale di guarigione comunitario.<br \/>Emuria \u00e8 una localit\u00e0 strategica multidimensionale di guarigione relazionata con la forza del respiro. Le sue vibrazioni favoriscono il dialogo armonico tra la luce e il buio. Franco Santoro (bells, jaw harp, medicine rattle, ritual frame drum, tamburieddhu, tamorra, sistrum, woodshaker, Thai gong, vocals) e Shaun Foyle (bendir, plains flute, NI Kontakt sampler).<\/p>\n<p>Prezzo: Euro 12, pagamento tramitePaypal. Per ordinare il CD contattare: <strong><a href=\"mailto:info@institutum.org\">info@institutum.org<\/a><\/strong><\/p>\n<p>\t\t\t\t\t\t\t\t\t\t\t\t<img decoding=\"async\" width=\"256\" height=\"240\" src=\"https:\/\/omeo.institutum.org\/wp-content\/uploads\/2021\/01\/cd-recapitulation.jpg\" alt=\"\" loading=\"lazy\" \/>\t\t\t\t\t\t\t\t\t\t\t\t\t\t<\/p>\n<h2>Astroshamanic Recapitulation<\/h2>\n<h2>Franco Santoro<\/h2>\n<p>Registrato presso il campus della Findhorn Foundation nel nord della Scozia, a Cluny Hill College, Pavilion West, il 12 dicembre 2004 con la luna nuova in Sagittario. Il CD contiene due pezzi di 30 minuti ciascuno e contenenti tambureggiamenti monotoni. Il CD \u00e8 impiegato per la ricapitolazione astrosciamanica e per altre pratiche di guarigione. E\u2019 presente anche un bonus track con scacciapensieri.<\/p>\n<p>Prezzo: Euro 12, pagamento tramite Paypal. Per ordinare contattare: <strong><a href=\"mailto:info@institutum.org\">info@institutum.org<\/a><\/strong><\/p>\n<p>\t\t\t\t\t\t\t\t\t\t\t\t<img decoding=\"async\" width=\"241\" height=\"240\" src=\"https:\/\/omeo.institutum.org\/wp-content\/uploads\/2021\/01\/cd-healing.jpg\" alt=\"\" loading=\"lazy\" \/>\t\t\t\t\t\t\t\t\t\t\t\t\t\t<\/p>\n<h2>Astroshamanic Healing Touch<\/h2>\n<h2>Franco Santoro<\/h2>\n<p>Registrato a Cluny Hill College, Pavilion West, Forres (Scozia) il 12 dicembre 2004, luna nuova in Sagittario. Contiene tre pezzi di 20 minuti ciascuno con tamburello monotono 4\/4 (141 bpm) e 6\/8 (167 bpm), e scacciapensieri. Usato per le pratiche di AstroshamanicHealing\u00ae Touch and Bodywork, recupero dell\u2019anima e trance dance. Il CD pu\u00f2 essere impiegato per l\u2019<a href=\"https:\/\/astrosciamanesimo.org\/rituale-di-base-del-sacro-cono\/\">Astroshamanic Basic Ritual of the Sacred Cone<\/a>.<\/p>\n<p>Prezzo: Euro 12, pagamento tramite bonifico bancario o Paypal. Per ordinare contattare: <a href=\"mailto:info@institutum.org\"><strong>info@institutum.org<\/strong><\/a><\/p>\n<p>\t\t\t\t\t\t\t\t\t\t\t\t<img decoding=\"async\" width=\"240\" height=\"242\" src=\"https:\/\/omeo.institutum.org\/wp-content\/uploads\/2021\/01\/1-Vinile-copertina-fronte.jpg\" alt=\"\" loading=\"lazy\" \/>\t\t\t\t\t\t\t\t\t\t\t\t\t\t<\/p>\n<h2>ELEUSI \u2013 2020 (special red vinyl 180 gr + cd + digital vers. + sticker) del gruppo Aborigine.<\/h2>\n<p>Volevamo realizzare il primo ed unico album al mondo di rock progressivo e psichedelico senza basso e chitarra ma con il didjeridoo, la batteria ed i synth come strumenti portanti. Eleusi \u00e8 un concept album che ha richiesto due anni di lavorazione per 8 tracce pi\u00f9 1 remix.<\/p>\n<p>Un\u2019opera rock potente ed evocativa, in cui ogni canzone \u00e8 necessaria ad affrontarne il viaggio sonoro e concettuale. Un viaggio che parla della perdita dell\u2019umanit\u00e0 in un mondo dove domina la tecnologia, dove abbiamo perso il rapporto con l\u2019Assoluto e col Sacro delegando la nostra salvezza al controllo che la tecnica ci illude, dove abbiamo ridotto l\u2019essere umano a risorsa da produrre, usare e consumare senza limitazioni etiche.<\/p>\n<p>Eleusi parla di questo luogo mitico, pi\u00f9 interiore che geografico, dove i saperi del logos greco ed europeo si incontrano con i saperi del pathos orientale e dove forse \u00e8 possibile recuperare, a cavallo tra Athena ed il Buddha, una rinnovata visione dell\u2019Assoluto. Tradurre tutto questo in 40 poderosi minuti e per la prima volta nella discografia di Ab Origine, con una denso e ricercato testo cantato, \u00e8 stata una impresa che siamo sicuri non si esaurir\u00e0 in un singolo ascolto.<\/p>\n<p>Ad arricchire il tutto, ancora per la prima volta nella nostra discografia, un prezioso vinile special edition rosso trasparente a tiratura limitata di 300 esemplari numerati a mano, includente anche la versione cd e quella digitale, pi\u00f9 l\u2019adesivo celebrativo di Eleusi.<\/p>\n<p>Link italiano all\u2019acquisto:\u00a0<a href=\"https:\/\/gianniplacido.it\/index.php\/compra-musica\" target=\"_blank\" rel=\"noopener\">https:\/\/gianniplacido.it\/index.php\/compra-musica<\/a><\/p>\n","protected":false},"excerpt":{"rendered":"<p>CD &#038; MP3 Tutti i nostri CD e MP3 sono prodotti in modo specifico per la guarigione astrosciamanica e il lavoro energetico, come descritto nella letteratura astrosciamanica. I suoni favoriscono un profondo rilassamento e l\u2019accesso a stati espansi di coscienza, incoraggiando la rivitalizzazione e l\u2019armonizzazione dei sottili centri energetici del corpo e dell\u2019ambiente. Questo processo [&hellip;]<\/p>\n","protected":false},"author":1,"featured_media":0,"parent":0,"menu_order":0,"comment_status":"closed","ping_status":"closed","template":"elementor_header_footer","meta":{"_genesis_hide_title":false,"_genesis_hide_breadcrumbs":false,"_genesis_hide_singular_image":false,"_genesis_hide_footer_widgets":false,"_genesis_custom_body_class":"","_genesis_custom_post_class":"","_genesis_layout":"","footnotes":""},"class_list":{"0":"post-28085","1":"page","2":"type-page","3":"status-publish","5":"entry"},"featured_image_src":null,"featured_image_src_square":null,"_links":{"self":[{"href":"https:\/\/omeo.institutum.org\/index.php\/wp-json\/wp\/v2\/pages\/28085","targetHints":{"allow":["GET"]}}],"collection":[{"href":"https:\/\/omeo.institutum.org\/index.php\/wp-json\/wp\/v2\/pages"}],"about":[{"href":"https:\/\/omeo.institutum.org\/index.php\/wp-json\/wp\/v2\/types\/page"}],"author":[{"embeddable":true,"href":"https:\/\/omeo.institutum.org\/index.php\/wp-json\/wp\/v2\/users\/1"}],"replies":[{"embeddable":true,"href":"https:\/\/omeo.institutum.org\/index.php\/wp-json\/wp\/v2\/comments?post=28085"}],"version-history":[{"count":0,"href":"https:\/\/omeo.institutum.org\/index.php\/wp-json\/wp\/v2\/pages\/28085\/revisions"}],"wp:attachment":[{"href":"https:\/\/omeo.institutum.org\/index.php\/wp-json\/wp\/v2\/media?parent=28085"}],"curies":[{"name":"wp","href":"https:\/\/api.w.org\/{rel}","templated":true}]}}